{"id":929,"date":"2023-09-18T12:23:10","date_gmt":"2023-09-18T12:23:10","guid":{"rendered":"https:\/\/ingos-buchseite.de\/?page_id=929"},"modified":"2024-07-21T16:52:57","modified_gmt":"2024-07-21T16:52:57","slug":"doppelbewaffnung","status":"publish","type":"page","link":"https:\/\/ingos-buchseite.de\/?page_id=929","title":{"rendered":"Doppelbewaffnung"},"content":{"rendered":"\n<p><img loading=\"lazy\" decoding=\"async\" width=\"200\" height=\"300\" class=\"wp-image-809\" style=\"width: 200px;\" src=\"https:\/\/ingos-buchseite.de\/wordpress\/wp-content\/uploads\/2023\/04\/langes-Messer-und-Dolch.jpg\" alt=\"\" srcset=\"https:\/\/ingos-buchseite.de\/wordpress\/wp-content\/uploads\/2023\/04\/langes-Messer-und-Dolch.jpg 333w, https:\/\/ingos-buchseite.de\/wordpress\/wp-content\/uploads\/2023\/04\/langes-Messer-und-Dolch-200x300.jpg 200w\" sizes=\"auto, (max-width: 200px) 100vw, 200px\" \/> <br><br>Es gibt nur wenige Bilder in D\u00fcrers Fechtbuch und doch macht sich das Buch auf aus diesen einen Einstieg f\u00fcr den Leser zu schaffen. Einen Einstieg in diese faszinierende Doppelbewaffnung, bei der die Techniken des Scheibendolches sich zu denen des langen Messers addieren.<br>Mit vielen Fotos und kurzen, leicht verst\u00e4ndlichen Texten wird das Experiment gewagt, alte Techniken aus I.33, Leck\u00fcchners und Liberis Handschrift damit auszuf\u00fchren.<br>Hier k\u00f6nnen Sie mehr lesen \u00fcber das &#8211;&gt; <a href=\"https:\/\/www.amazon.de\/Langes-Messer-Scheibendolch-doppelter-Bewaffnung\/dp\/1692258419\/ref=sr_1_1?__mk_de_DE=%C3%85M%C3%85%C5%BD%C3%95%C3%91&amp;keywords=langes+Messer+und+scheibendolch&amp;qid=1575742180&amp;s=books&amp;sr=1-1\" data-type=\"link\" data-id=\"https:\/\/www.amazon.de\/Langes-Messer-Scheibendolch-doppelter-Bewaffnung\/dp\/1692258419\/ref=sr_1_1?__mk_de_DE=%C3%85M%C3%85%C5%BD%C3%95%C3%91&amp;keywords=langes+Messer+und+scheibendolch&amp;qid=1575742180&amp;s=books&amp;sr=1-1\" target=\"_blank\" rel=\"noreferrer noopener\">Messer und Dolch<\/a> als Taschenbuch<br>Hier finden Sie das Buch in digitaler Form &#8212;&gt; <a href=\"https:\/\/www.amazon.de\/Langes-Messer-Scheibendolch-doppelter-Bewaffnung-ebook\/dp\/B07XL3ZV63\/ref=sr_1_2?__mk_de_DE=%C3%85M%C3%85%C5%BD%C3%95%C3%91&amp;dchild=1&amp;keywords=langes+Messer+und+scheibendolch&amp;qid=1628253811&amp;s=books&amp;sr=1-2\" data-type=\"link\" data-id=\"https:\/\/www.amazon.de\/Langes-Messer-Scheibendolch-doppelter-Bewaffnung-ebook\/dp\/B07XL3ZV63\/ref=sr_1_2?__mk_de_DE=%C3%85M%C3%85%C5%BD%C3%95%C3%91&amp;dchild=1&amp;keywords=langes+Messer+und+scheibendolch&amp;qid=1628253811&amp;s=books&amp;sr=1-2\" target=\"_blank\" rel=\"noreferrer noopener\">Messer und Dolch<\/a> als ebook<\/p>\n\n\n\n<p><\/p>\n\n\n\n<p><img loading=\"lazy\" decoding=\"async\" width=\"200\" height=\"300\" class=\"wp-image-919\" style=\"width: 200px;\" src=\"https:\/\/ingos-buchseite.de\/wordpress\/wp-content\/uploads\/2023\/09\/langes-Messer-Scheibendolch-Teil-2.jpg\" alt=\"\" srcset=\"https:\/\/ingos-buchseite.de\/wordpress\/wp-content\/uploads\/2023\/09\/langes-Messer-Scheibendolch-Teil-2.jpg 333w, https:\/\/ingos-buchseite.de\/wordpress\/wp-content\/uploads\/2023\/09\/langes-Messer-Scheibendolch-Teil-2-200x300.jpg 200w\" sizes=\"auto, (max-width: 200px) 100vw, 200px\" \/> <br><br>Der zweite Band f\u00fchrt das Experiment in seiner ersten H\u00e4lfte noch ein bisschen weiter und geht auf einige Technikkombinationen ein und gibt \u00dcbungstipps f\u00fcrs Training mit dieser Doppelbewaffnung. Dann folgt eine andere Kombination, die es in sich hat, mit dem S\u00e4bel oder Cutlass zum Dolch und zu guter Letzt kommt auch das Beil zur Blankwaffe hinzu.<br>Hier k\u00f6nnen sie mehr lesen \u00fcber &#8212;&gt; <a href=\"https:\/\/www.amazon.de\/Langes-Messer-Scheibendolch-Doppelte-Bewaffnung\/dp\/B0CH22JLRZ\/ref=sr_1_2?__mk_de_DE=%C3%85M%C3%85%C5%BD%C3%95%C3%91&amp;keywords=langes+Messer+und+scheibendolch&amp;qid=1695041906&amp;s=books&amp;sr=1-2\" data-type=\"link\" data-id=\"https:\/\/www.amazon.de\/Langes-Messer-Scheibendolch-Doppelte-Bewaffnung\/dp\/B0CH22JLRZ\/ref=sr_1_2?__mk_de_DE=%C3%85M%C3%85%C5%BD%C3%95%C3%91&amp;keywords=langes+Messer+und+scheibendolch&amp;qid=1695041906&amp;s=books&amp;sr=1-2\" target=\"_blank\" rel=\"noreferrer noopener\">Messer und Dolch 2<\/a><\/p>\n\n\n\n<p><\/p>\n\n\n\n<p><img loading=\"lazy\" decoding=\"async\" width=\"200\" height=\"300\" class=\"wp-image-811\" style=\"width: 200px;\" src=\"https:\/\/ingos-buchseite.de\/wordpress\/wp-content\/uploads\/2023\/04\/Rapier-mit-Dolch-1.jpg\" alt=\"\" srcset=\"https:\/\/ingos-buchseite.de\/wordpress\/wp-content\/uploads\/2023\/04\/Rapier-mit-Dolch-1.jpg 333w, https:\/\/ingos-buchseite.de\/wordpress\/wp-content\/uploads\/2023\/04\/Rapier-mit-Dolch-1-200x300.jpg 200w\" sizes=\"auto, (max-width: 200px) 100vw, 200px\" \/> <br><br>Das Rapier bekommt hier nicht nur den Parierdolch als Zweitwaffe dazu, sondern auch den Mantel und ein zweites Rapier und ein bisschen Licht&#8230;<br>Hier k\u00f6nnen sie mehr lesen &#8212;&gt; <a href=\"https:\/\/www.amazon.de\/dp\/B09BYFX1G5?ref_=pe_3052080_397514860\" data-type=\"link\" data-id=\"https:\/\/www.amazon.de\/dp\/B09BYFX1G5?ref_=pe_3052080_397514860\" target=\"_blank\" rel=\"noreferrer noopener\">Rapier mit Dolch 1<\/a><\/p>\n\n\n\n<p><\/p>\n\n\n\n<p><img loading=\"lazy\" decoding=\"async\" width=\"200\" height=\"300\" class=\"wp-image-812\" style=\"width: 200px;\" src=\"https:\/\/ingos-buchseite.de\/wordpress\/wp-content\/uploads\/2023\/04\/Rapier-mit-Dolch-2.jpg\" alt=\"\" srcset=\"https:\/\/ingos-buchseite.de\/wordpress\/wp-content\/uploads\/2023\/04\/Rapier-mit-Dolch-2.jpg 333w, https:\/\/ingos-buchseite.de\/wordpress\/wp-content\/uploads\/2023\/04\/Rapier-mit-Dolch-2-200x300.jpg 200w\" sizes=\"auto, (max-width: 200px) 100vw, 200px\" \/><br><br>Das Spiel mit den doppelten Klingen, mal mit Dolch, mal mit zwei Rapieren und dem Mantel wird fortgef\u00fchrt. Auch diesmal wieder mit vielen Fotos.<br>Hier k\u00f6nnen Sie mehr lesen&#8212;&gt; <a href=\"https:\/\/www.amazon.de\/Rapier-mit-Dolch-mehr-Teil\/dp\/B09CRSG5H7\/ref=tmm_pap_swatch_0?_encoding=UTF8&amp;qid=1629203651&amp;sr=1-3\" data-type=\"link\" data-id=\"https:\/\/www.amazon.de\/Rapier-mit-Dolch-mehr-Teil\/dp\/B09CRSG5H7\/ref=tmm_pap_swatch_0?_encoding=UTF8&amp;qid=1629203651&amp;sr=1-3\" target=\"_blank\" rel=\"noreferrer noopener\">Rapier mit Dolch 2<\/a><\/p>\n\n\n\n<p><\/p>\n\n\n\n<p><img loading=\"lazy\" decoding=\"async\" width=\"200\" height=\"300\" class=\"wp-image-910\" style=\"width: 200px;\" src=\"https:\/\/ingos-buchseite.de\/wordpress\/wp-content\/uploads\/2023\/07\/Rapier-Dolch-Mantel-und-mehr-Teil-3.jpg\" alt=\"\" srcset=\"https:\/\/ingos-buchseite.de\/wordpress\/wp-content\/uploads\/2023\/07\/Rapier-Dolch-Mantel-und-mehr-Teil-3.jpg 333w, https:\/\/ingos-buchseite.de\/wordpress\/wp-content\/uploads\/2023\/07\/Rapier-Dolch-Mantel-und-mehr-Teil-3-200x300.jpg 200w\" sizes=\"auto, (max-width: 200px) 100vw, 200px\" \/><br><br>Der dritte Band bringt mit vielen Fotos \u00dcbungen f\u00fcr Solodrills und Ideen f\u00fcr die \u00dcbungen mit einem geduldigen Partner dazu, denn wenn man mit einer Waffe \u00fcben muss, dann gilt das bei Zweien gleich doppelt&#8230;<br>Hier k\u00f6nnen sie mehr lesen&#8211;&gt; <a href=\"https:\/\/www.amazon.de\/dp\/B0CCCSMQ3P\/ref=sr_1_3?__mk_de_DE=%C3%85M%C3%85%C5%BD%C3%95%C3%91&amp;crid=2ABZ4AOM5F6EW&amp;keywords=Rapier+mit+dolch&amp;qid=1690026246&amp;s=books&amp;sprefix=rapier+mit+dolch%2Cstripbooks%2C126&amp;sr=1-3\" data-type=\"link\" data-id=\"https:\/\/www.amazon.de\/dp\/B0CCCSMQ3P\/ref=sr_1_3?__mk_de_DE=%C3%85M%C3%85%C5%BD%C3%95%C3%91&amp;crid=2ABZ4AOM5F6EW&amp;keywords=Rapier+mit+dolch&amp;qid=1690026246&amp;s=books&amp;sprefix=rapier+mit+dolch%2Cstripbooks%2C126&amp;sr=1-3\" target=\"_blank\" rel=\"noreferrer noopener\">Rapier mit Dolch 3<\/a><\/p>\n\n\n\n<p><\/p>\n\n\n\n<p> <img loading=\"lazy\" decoding=\"async\" width=\"200\" height=\"301\" class=\"wp-image-924\" style=\"width: 200px;\" src=\"https:\/\/ingos-buchseite.de\/wordpress\/wp-content\/uploads\/2023\/09\/Beil-und-Dolch-Tomahawk-und-Messer.jpg\" alt=\"\" srcset=\"https:\/\/ingos-buchseite.de\/wordpress\/wp-content\/uploads\/2023\/09\/Beil-und-Dolch-Tomahawk-und-Messer.jpg 296w, https:\/\/ingos-buchseite.de\/wordpress\/wp-content\/uploads\/2023\/09\/Beil-und-Dolch-Tomahawk-und-Messer-200x300.jpg 200w\" sizes=\"auto, (max-width: 200px) 100vw, 200px\" \/><br><br>Das vorliegende Buch bringt die Techniken alter europ\u00e4ischer Meister mit in eine andere Umgebung, in der sich diese ungewohnte Waffenkombination eine lange Zeit halten konnte. Weshalb sie dieses Experiment wert ist.<br>Hier finden Sie die F\u00e4hrte zu &#8212;&gt; <a rel=\"noreferrer noopener\" href=\"https:\/\/www.amazon.de\/Beil-Dolch-Experiment-zwei-Waffen\/dp\/B0CJ45V8LT\/ref=sr_1_1?__mk_de_DE=%C3%85M%C3%85%C5%BD%C3%95%C3%91&amp;crid=3U1K2G0NE8OLM&amp;keywords=beil+und+dolch+ingo+litschka&amp;qid=1694945963&amp;s=books&amp;sprefix=beil+und+dolch+ingo+litschka%2Cstripbooks%2C116&amp;sr=1-1\" data-type=\"link\" data-id=\"https:\/\/www.amazon.de\/Beil-Dolch-Experiment-zwei-Waffen\/dp\/B0CJ45V8LT\/ref=sr_1_1?__mk_de_DE=%C3%85M%C3%85%C5%BD%C3%95%C3%91&amp;crid=3U1K2G0NE8OLM&amp;keywords=beil+und+dolch+ingo+litschka&amp;qid=1694945963&amp;s=books&amp;sprefix=beil+und+dolch+ingo+litschka%2Cstripbooks%2C116&amp;sr=1-1\" target=\"_blank\">Beil und Dolch<\/a><\/p>\n\n\n<div class=\"wp-block-image\">\n<figure class=\"alignleft size-full is-resized\"><img loading=\"lazy\" decoding=\"async\" width=\"284\" height=\"425\" src=\"https:\/\/ingos-buchseite.de\/wordpress\/wp-content\/uploads\/2024\/07\/beil-und-dolch-2.jpg\" alt=\"\" class=\"wp-image-982\" style=\"width:203px;height:auto\" srcset=\"https:\/\/ingos-buchseite.de\/wordpress\/wp-content\/uploads\/2024\/07\/beil-und-dolch-2.jpg 284w, https:\/\/ingos-buchseite.de\/wordpress\/wp-content\/uploads\/2024\/07\/beil-und-dolch-2-200x300.jpg 200w\" sizes=\"auto, (max-width: 284px) 100vw, 284px\" \/><\/figure>\n<\/div>\n\n\n<p><\/p>\n\n\n\n<p><\/p>\n\n\n\n<p><\/p>\n\n\n\n<p><\/p>\n\n\n\n<p><\/p>\n\n\n\n<p><\/p>\n\n\n\n<p>Das vorliegende Buch f\u00fchrt das Experiment von Band 1 weiter.<br>Diesmal liegt der Schwerpunkt auf den \u00dcbungen zur doppelten Bewaffnung, die zu einer freien Handhabung f\u00fchren.<br>Die Techniken leiten sich allesamt wieder von europ\u00e4ischen Bewegungsmustern und alten Meistern ab.<br>Wieder mit vielen Fotos und knappen, einfachen Texten regt das Buch zum selbst Ausprobieren und Weiterforschen dieser illustren Bewaffnung an.<br>Hier geht es zu &#8211;> <a href=\"https:\/\/www.amazon.de\/dp\/B0D9TGCHDC\/ref=tmm_pap_swatch_0?_encoding=UTF8&amp;dib_tag=se&amp;dib=eyJ2IjoiMSJ9.ztCPnJrD-U4Hj2JnweVxSXwIR1EsYUh6qXjH6sy4J5LgCKQIjwIB6Lf32WlFo_Ucv7HoX8XNygWfqlf2dfR5wmCQ7ehSYA9IPGJQPbzTBvSLQMBbDcUKViQL5SDXUKNl-OP9440B11IRasfYN7Q5V_aIzLHRCTrwpo4PXbygiXQApo_Gtn2ncejGzXjwvT7kXg0VUpDiGqAxL17qbMRDUHrloTCIalSpX3SV61JvuPs.G-0hS2FpEpDV9QiBTG03PdlOlMa_4XVuaSW8YRfXHfY&amp;qid=1721580137&amp;sr=1-2\" target=\"_blank\" rel=\"noreferrer noopener\">Beil und Dolch 2<\/a><\/p>\n","protected":false},"excerpt":{"rendered":"<p>Es gibt nur wenige Bilder in D\u00fcrers Fechtbuch und doch macht sich das Buch auf aus diesen einen Einstieg f\u00fcr den Leser zu schaffen. Einen Einstieg in diese faszinierende Doppelbewaffnung, bei der die Techniken des Scheibendolches sich zu denen des langen Messers addieren.Mit vielen Fotos und kurzen, leicht verst\u00e4ndlichen Texten wird das Experiment gewagt, alte&#8230; <\/p>\n<div class=\"read-more navbutton\"><a href=\"https:\/\/ingos-buchseite.de\/?page_id=929\">Read More<i class=\"fa fa-angle-double-right\"><\/i><\/a><\/div>\n","protected":false},"author":1,"featured_media":0,"parent":0,"menu_order":0,"comment_status":"closed","ping_status":"closed","template":"","meta":{"footnotes":""},"class_list":["post-929","page","type-page","status-publish","hentry"],"_links":{"self":[{"href":"https:\/\/ingos-buchseite.de\/index.php?rest_route=\/wp\/v2\/pages\/929","targetHints":{"allow":["GET"]}}],"collection":[{"href":"https:\/\/ingos-buchseite.de\/index.php?rest_route=\/wp\/v2\/pages"}],"about":[{"href":"https:\/\/ingos-buchseite.de\/index.php?rest_route=\/wp\/v2\/types\/page"}],"author":[{"embeddable":true,"href":"https:\/\/ingos-buchseite.de\/index.php?rest_route=\/wp\/v2\/users\/1"}],"replies":[{"embeddable":true,"href":"https:\/\/ingos-buchseite.de\/index.php?rest_route=%2Fwp%2Fv2%2Fcomments&post=929"}],"version-history":[{"count":17,"href":"https:\/\/ingos-buchseite.de\/index.php?rest_route=\/wp\/v2\/pages\/929\/revisions"}],"predecessor-version":[{"id":984,"href":"https:\/\/ingos-buchseite.de\/index.php?rest_route=\/wp\/v2\/pages\/929\/revisions\/984"}],"wp:attachment":[{"href":"https:\/\/ingos-buchseite.de\/index.php?rest_route=%2Fwp%2Fv2%2Fmedia&parent=929"}],"curies":[{"name":"wp","href":"https:\/\/api.w.org\/{rel}","templated":true}]}}