{"id":481,"date":"2020-11-14T13:23:13","date_gmt":"2020-11-14T13:23:13","guid":{"rendered":"https:\/\/ingos-buchseite.de\/?page_id=481"},"modified":"2025-12-21T14:36:58","modified_gmt":"2025-12-21T14:36:58","slug":"lyrik","status":"publish","type":"page","link":"https:\/\/ingos-buchseite.de\/?page_id=481","title":{"rendered":"Heiter bis schattig"},"content":{"rendered":"<div class=\"wp-block-image\">\n<figure class=\"aligncenter is-resized\"><img loading=\"lazy\" decoding=\"async\" width=\"167\" height=\"266\" src=\"https:\/\/ingos-buchseite.de\/wordpress\/wp-content\/uploads\/2023\/04\/Die-Frau-die-beinahe-ein-buch-geschrieben-haette.jpg\" alt=\"\" class=\"wp-image-873\" style=\"width:158px;height:auto\"\/><\/figure>\n<\/div>\n\n\n<p class=\"has-vivid-green-cyan-color has-text-color has-link-color has-medium-font-size wp-elements-d55ef6fb75ff023e999f9f06cf6580be\"><span style=\"color: #ffcc00;\"><span style=\"color: #00ff00;\">Nina Nau geht ihrer Arbeit nach, hat das Leben gut im Griff, wenn es nicht aus dem Regal rutscht.<\/span><\/span><br> <span style=\"color: #00ff00;\">Und sie ist verliebt.<\/span><br> <span style=\"color: #00ff00;\">In B\u00fccher.<\/span><br> <span style=\"color: #00ff00;\">Sie kauft, sammelt, ordnet sie ein, staubt sie ab, liest etliche und versteht sie auch meistens.<\/span><br> <span style=\"color: #00ff00;\">Beim letzten Kauf vor der Buchhandlung trifft sie die Erkenntnis.<\/span><br> <span style=\"color: #00ff00;\">Sie muss selbst ein Buch schreiben. Also beginnt Nina sofort mit dem neuen Leben.<\/span><br> <span style=\"color: #ffcc00;\"><span style=\"color: #00ff00;\">Aber da ist auch noch dieser Anfang, der\u2026<\/span><br> <span style=\"color: #00ff00;\">hier zu finden ist&#8211;><\/span>\u00a0<a href=\"https:\/\/www.amazon.de\/Frau-beinahe-Buch-geschrieben-h%C3%A4tte\/dp\/B0B2WLWPT6\/ref=sr_1_1?__mk_de_DE=%C3%85M%C3%85%C5%BD%C3%95%C3%91&amp;crid=16Z5RB4VJCW5G&amp;keywords=ingo+litschka+die+frau+die+beinahe&amp;qid=1654685530&amp;s=books&amp;sprefix=ingo+litschka+die+frau+die+beinahe%2Cstripbooks%2C253&amp;sr=1-1\" target=\"_blank\" rel=\"noopener\">Anfang<\/a><\/span><br><br><img loading=\"lazy\" decoding=\"async\" width=\"150\" height=\"240\" class=\"wp-image-1086\" style=\"width: 150px;\" src=\"https:\/\/ingos-buchseite.de\/wordpress\/wp-content\/uploads\/2025\/12\/Koenig-zu-Frosch.jpg\" alt=\"vom K\u00f6nig zum Frosch. wie Sie ein richtig mieser Chef werden\" srcset=\"https:\/\/ingos-buchseite.de\/wordpress\/wp-content\/uploads\/2025\/12\/Koenig-zu-Frosch.jpg 266w, https:\/\/ingos-buchseite.de\/wordpress\/wp-content\/uploads\/2025\/12\/Koenig-zu-Frosch-188x300.jpg 188w\" sizes=\"auto, (max-width: 150px) 100vw, 150px\" \/> <br>Nett sein kann jeder. <br>Aber ein giftiger Frosch werden, der wei\u00df wie man sich unbeliebt macht und gleichzeitig die eigene Firma im Brunnen versenkt, das will gelernt sein. Das B\u00fcchlein hilft all jenen, die dringend Schwimmh\u00e4ute haben wollen.<br>Hier geht der Frosch in den &#8212;> <a href=\"https:\/\/www.amazon.de\/dp\/B0GBDKNKCJ\/ref=sr_1_1?__mk_de_DE=%C3%85M%C3%85%C5%BD%C3%95%C3%91&amp;crid=38A1YX35US5FU&amp;dib=eyJ2IjoiMSJ9.YqVKJURAtCkpv6P1UTyow1YKfH7xB5acPipXXOyeA5Kcjq42kEx4yXUfz-iz1Aj_nEXXQqWQtWf7kKDhgVDWzi74Bu7SScnq_HUv-lhEqh3DrpukmXPzlakw7Chvh7uEMm93eLNfbzDQpCFPwYn4f99H86jn2B9p1N7rTRxY8GhGpOI92ssjKxgYQ8Lh0Cpdsl2MjZee64b4kbrF6NKjuxDbnvIDQFcokB9ovtTfHdc.V4QKv9C0heIWgjhfvGxWuq8JX0WGNjFeTyemsku1WYQ&amp;dib_tag=se&amp;keywords=vom+K%C3%B6nig+zum+Frosch+Ingo+Litschka&amp;qid=1766327347&amp;s=books&amp;sprefix=vom+k%C3%B6nig+zum+frosch+ingo+litschka%2Cstripbooks%2C595&amp;sr=1-1\" target=\"_blank\" rel=\"noreferrer noopener\">Brunnen<\/a><\/p>\n\n\n<div class=\"wp-block-image\">\n<figure class=\"aligncenter is-resized\"><img loading=\"lazy\" decoding=\"async\" width=\"188\" height=\"300\" src=\"https:\/\/ingos-buchseite.de\/wordpress\/wp-content\/uploads\/2023\/04\/Alles-kein-Problem-188x300.jpg\" alt=\"\" class=\"wp-image-874\" style=\"width:172px;height:auto\" srcset=\"https:\/\/ingos-buchseite.de\/wordpress\/wp-content\/uploads\/2023\/04\/Alles-kein-Problem-188x300.jpg 188w, https:\/\/ingos-buchseite.de\/wordpress\/wp-content\/uploads\/2023\/04\/Alles-kein-Problem.jpg 313w\" sizes=\"auto, (max-width: 188px) 100vw, 188px\" \/><\/figure>\n<\/div>\n\n\n<p class=\"has-medium-font-size\"><span style=\"color: #ffcc00;\">Alles kein Problem! <\/span><br><span style=\"color: #ffcc00;\">Also wirklich nicht&#8230; Zumindest nicht so ganz&#8230; <\/span><br><span style=\"color: #ffcc00;\">Vor allem dann nicht, wenn man als Akteur bei einem Event mitmachen soll, dann klappt n\u00e4mlich immer alles. <\/span><br><span style=\"color: #ffcc00;\">Jeder dort hat die Sache fest im Griff. <\/span><br><span style=\"color: #ffcc00;\">Man wei\u00df zwar nicht was er da so greift, aber es wird sich schon jemand finden, der nach irgendwas greift. <\/span><br><span style=\"color: #ffcc00;\">Dann gab es auch noch den Filmproduzenten, der montags immer M\u00f6bel schleppen musste und dann war da noch der Anrufer, der meinte dieser Job w\u00e4re gar nicht gef\u00e4hrlich&#8230;. <\/span><br><span style=\"color: #ffcc00;\">Mit viel Humor und so manchem Cartoon l\u00e4sst der Autor einmal hinter die Kulissen blicken.<\/span><\/p>\n\n\n\n<p class=\"has-medium-font-size\"><span style=\"color: #ffcc00;\">Hier ist &#8211;&gt;<\/span>&nbsp;<a href=\"https:\/\/www.amazon.de\/Alles-kein-Problem-Ingo-Litschka\/dp\/1974464822\/ref=sr_1_1?s=books&amp;ie=UTF8&amp;qid=1539344027&amp;sr=1-1&amp;keywords=ingo+litschka+alles+kein+Problem\" target=\"_blank\" rel=\"noopener\">alles kein Problem<\/a><\/p>\n\n\n<div class=\"wp-block-image\">\n<figure class=\"aligncenter is-resized\"><img loading=\"lazy\" decoding=\"async\" width=\"188\" height=\"300\" src=\"https:\/\/ingos-buchseite.de\/wordpress\/wp-content\/uploads\/2023\/04\/Schwarzes-Laub-188x300.jpg\" alt=\"\" class=\"wp-image-877\" style=\"width:170px;height:auto\" srcset=\"https:\/\/ingos-buchseite.de\/wordpress\/wp-content\/uploads\/2023\/04\/Schwarzes-Laub-188x300.jpg 188w, https:\/\/ingos-buchseite.de\/wordpress\/wp-content\/uploads\/2023\/04\/Schwarzes-Laub.jpg 313w\" sizes=\"auto, (max-width: 188px) 100vw, 188px\" \/><\/figure>\n<\/div>\n\n\n<p class=\"has-white-color has-text-color has-link-color has-medium-font-size wp-elements-2b3407b25097199d3d25ef9703e1606b\"><span style=\"color: #00ccff;\"> &#8222;Manchmal sind schwarze Bl\u00e4tter mehr als nur kleine Teile, die vom Baum fallen&#8230;&#8220; Gedanken hinter der Maske des Fechters und vor der Leinwand des K\u00fcnstlers zusammengefasst in kleinem Format. Mit schwarz-wei\u00df Bildern kann man einen kleinen Ausschnitt aus der Welt des Autors sehen, anders als mit den Klingen.<\/span><br>\n<span style=\"color: #00ccff;\">Hier wird das Laub &#8212;&gt;<\/span>&nbsp;<a href=\"https:\/\/www.amazon.de\/Schwarzes-Laub-Ingo-Litschka\/dp\/1523957298\" target=\"_blank\" rel=\"noopener\">schwarz<\/a><\/p>\n\n\n<div class=\"wp-block-image\">\n<figure class=\"aligncenter is-resized\"><img loading=\"lazy\" decoding=\"async\" width=\"188\" height=\"300\" src=\"https:\/\/ingos-buchseite.de\/wordpress\/wp-content\/uploads\/2023\/04\/Gedankenspiegelung-188x300.jpg\" alt=\"\" class=\"wp-image-878\" style=\"width:156px;height:auto\" srcset=\"https:\/\/ingos-buchseite.de\/wordpress\/wp-content\/uploads\/2023\/04\/Gedankenspiegelung-188x300.jpg 188w, https:\/\/ingos-buchseite.de\/wordpress\/wp-content\/uploads\/2023\/04\/Gedankenspiegelung.jpg 313w\" sizes=\"auto, (max-width: 188px) 100vw, 188px\" \/><\/figure>\n<\/div>\n\n\n<p><\/p>\n\n\n\n<p class=\"has-medium-font-size\"><span style=\"color: #00ccff;\">Ein paar Gedanken spiegeln sich am Wegesrand. Sie f\u00fchren ein Eigenleben in der Stille. Diesmal ganz ohne Schwerter, spiegeln sie einen kleinen Reisebericht der Gedanken. Manchmal sehen sie die Welt anders an.<\/span><br>\n<span style=\"color: #00ccff;\">Hier geht es zu den&nbsp; &#8211;&gt;<\/span> <a href=\"https:\/\/www.amazon.de\/dp\/B08H6NN8TS\/ref=sr_1_3?__mk_de_DE=%C3%85M%C3%85%C5%BD%C3%95%C3%91&amp;dchild=1&amp;keywords=gedankenspiegelung&amp;qid=1599045758&amp;s=books&amp;sr=1-3\" target=\"_blank\" rel=\"noopener noreferrer\">Gedanken&nbsp;&nbsp;<\/a><\/p>\n\n\n<div class=\"wp-block-image\">\n<figure class=\"aligncenter is-resized\"><img loading=\"lazy\" decoding=\"async\" width=\"200\" height=\"300\" src=\"https:\/\/ingos-buchseite.de\/wordpress\/wp-content\/uploads\/2023\/04\/Schattenleuchten-200x300.jpg\" alt=\"\" class=\"wp-image-879\" style=\"width:157px;height:auto\" srcset=\"https:\/\/ingos-buchseite.de\/wordpress\/wp-content\/uploads\/2023\/04\/Schattenleuchten-200x300.jpg 200w, https:\/\/ingos-buchseite.de\/wordpress\/wp-content\/uploads\/2023\/04\/Schattenleuchten.jpg 333w\" sizes=\"auto, (max-width: 200px) 100vw, 200px\" \/><\/figure>\n<\/div>\n\n\n<p class=\"has-medium-font-size\"> <span style=\"color: #99cc00;\">Nach Schwarzes Laub und Gedankenspiegelung kommt nun der Schatten dazu mit ein paar Worten zu leuchten. Nachdenklich bis heiter stimmt er dazu an. Er macht nicht allzu viele Worte..<\/span><br>\n<span style=\"color: #99cc00;\">hier leuchtet &#8211;&gt;<\/span>&nbsp;<a href=\"https:\/\/www.amazon.de\/dp\/B08NVNKJWG\/ref=sr_1_1?__mk_de_DE=%C3%85M%C3%85%C5%BD%C3%95%C3%91&amp;dchild=1&amp;keywords=schattenleuchten+ingo+litschka&amp;qid=1605760024&amp;s=books&amp;sr=1-1\" target=\"_blank\" rel=\"noopener\">der Schatten&nbsp;<\/a><\/p>\n\n\n<div class=\"wp-block-image\">\n<figure class=\"aligncenter is-resized\"><img loading=\"lazy\" decoding=\"async\" width=\"188\" height=\"300\" src=\"https:\/\/ingos-buchseite.de\/wordpress\/wp-content\/uploads\/2023\/04\/Lampenschatten-188x300.jpg\" alt=\"\" class=\"wp-image-880\" style=\"width:163px;height:auto\" srcset=\"https:\/\/ingos-buchseite.de\/wordpress\/wp-content\/uploads\/2023\/04\/Lampenschatten-188x300.jpg 188w, https:\/\/ingos-buchseite.de\/wordpress\/wp-content\/uploads\/2023\/04\/Lampenschatten.jpg 313w\" sizes=\"auto, (max-width: 188px) 100vw, 188px\" \/><\/figure>\n<\/div>\n\n\n<p class=\"has-medium-font-size\"> <span style=\"color: #99cc00;\">Manchmal haben Lampen ihn auch, den Schatten und laden zum Schmunzeln ein bei ihren verleuchteten Gedanken&#8230;<\/span><br>\n<span style=\"color: #99cc00;\">Da liest man sie, die&nbsp; &#8211;&gt;&nbsp;<a href=\"https:\/\/www.amazon.de\/dp\/B09WQB2LNY\/ref=sr_1_1?__mk_de_DE=%C3%85M%C3%85%C5%BD%C3%95%C3%91&amp;crid=4JU5WV0ONKII&amp;keywords=Lampenschatten+ingo+litschka&amp;qid=1648634057&amp;s=books&amp;sprefix=lampenschatten+ingo+litschka%2Cstripbooks%2C486&amp;sr=1-1\" target=\"_blank\" rel=\"noopener\">Lampe&nbsp;&nbsp;<\/a><\/span><\/p>\n\n\n<div class=\"wp-block-image\">\n<figure class=\"aligncenter is-resized\"><img loading=\"lazy\" decoding=\"async\" width=\"188\" height=\"300\" src=\"https:\/\/ingos-buchseite.de\/wordpress\/wp-content\/uploads\/2023\/04\/Bootsschatten-188x300.jpg\" alt=\"\" class=\"wp-image-881\" style=\"width:138px;height:auto\" srcset=\"https:\/\/ingos-buchseite.de\/wordpress\/wp-content\/uploads\/2023\/04\/Bootsschatten-188x300.jpg 188w, https:\/\/ingos-buchseite.de\/wordpress\/wp-content\/uploads\/2023\/04\/Bootsschatten.jpg 313w\" sizes=\"auto, (max-width: 188px) 100vw, 188px\" \/><\/figure>\n<\/div>\n\n\n<p class=\"has-medium-font-size\"> <span style=\"color: #3366ff;\">Die Zeilen drehen sich um einen See und seine kleinen Inseln. Wie auch die Schiffe immer wieder ihre Kreise ziehen, so zieht es die kleinen Texte auch immer wieder ans Wasser nahe den Bergen.<br>\nHier f\u00e4hrt das Boot zum &#8211;&gt;&nbsp;<a href=\"https:\/\/www.amazon.de\/dp\/B0BW31X4ZY\/ref=sr_1_1?__mk_de_DE=%C3%85M%C3%85%C5%BD%C3%95%C3%91&amp;crid=2RZ8E8GN8P3RO&amp;keywords=bootsschatten+ingo+litschka&amp;qid=1678014453&amp;s=books&amp;sprefix=bootsschatten+ingo+litschka%2Cstripbooks%2C105&amp;sr=1-1\" target=\"_blank\" rel=\"noopener\">Schatten&nbsp;<\/a><\/span><\/p>\n\n\n<div class=\"wp-block-image\">\n<figure class=\"aligncenter is-resized\"><img loading=\"lazy\" decoding=\"async\" width=\"188\" height=\"300\" src=\"https:\/\/ingos-buchseite.de\/wordpress\/wp-content\/uploads\/2023\/10\/Schattenkisten-188x300.jpg\" alt=\"\" class=\"wp-image-948\" style=\"width:150px;height:auto\" srcset=\"https:\/\/ingos-buchseite.de\/wordpress\/wp-content\/uploads\/2023\/10\/Schattenkisten-188x300.jpg 188w, https:\/\/ingos-buchseite.de\/wordpress\/wp-content\/uploads\/2023\/10\/Schattenkisten.jpg 266w\" sizes=\"auto, (max-width: 188px) 100vw, 188px\" \/><\/figure>\n<\/div>\n\n\n<p class=\"has-text-align-left has-luminous-vivid-amber-color has-text-color has-link-color has-medium-font-size wp-elements-017651722bbe07ea2590b4230db0e2a3\"><span style=\"color: #ffcc00;\">Nur kurze Zeilen um ein paar Bretter, nur etwas Holz und doch drehen sich die Gedanken um sie, die liebgewonnenen alten, bejubelten neuen, fremden und eigenen Gedankenkisten, in denen wir doch so gern sitzen.&nbsp;<\/span><br> <span style=\"color: #ffcc00;\">Hier geht es in die &#8211;&gt;<\/span>&nbsp;<a href=\"https:\/\/www.amazon.de\/dp\/B0CL6QXNJQ\/ref=tmm_pap_swatch_0?_encoding=UTF8&amp;qid=1697552786&amp;sr=1-1\" target=\"_blank\" rel=\"noopener\">Kisten<\/a><br><\/p>\n\n\n\n<p class=\"has-text-align-left has-pale-pink-color has-text-color has-link-color has-medium-font-size wp-elements-05bc20ec2a0285710daaac11b5b1ad34\"><br>   <img loading=\"lazy\" decoding=\"async\" width=\"150\" height=\"240\" class=\"wp-image-1078\" style=\"width: 150px;\" src=\"https:\/\/ingos-buchseite.de\/wordpress\/wp-content\/uploads\/2025\/11\/Luft-im-Schwan.jpg\" alt=\"\" srcset=\"https:\/\/ingos-buchseite.de\/wordpress\/wp-content\/uploads\/2025\/11\/Luft-im-Schwan.jpg 266w, https:\/\/ingos-buchseite.de\/wordpress\/wp-content\/uploads\/2025\/11\/Luft-im-Schwan-188x300.jpg 188w\" sizes=\"auto, (max-width: 150px) 100vw, 150px\" \/> <br>Er ist etwas aufgeblasen. Er ist etwas gro\u00df geraten. Eigentlich sollte er da gar nicht schwimmen, aber das interessiert ihn nicht. Er schwimmt da trotzdem im See.<br>Hier schwimmt &#8211;&gt; <a href=\"https:\/\/www.amazon.de\/Luft-im-Schwan-andere-Gedanken\/dp\/B0G2R8ZXGF\/ref=sr_1_1?__mk_de_DE=%C3%85M%C3%85%C5%BD%C3%95%C3%91&amp;crid=383VV2IEFB7AF&amp;dib=eyJ2IjoiMSJ9.IxL8ocktWFS7K5-FiB-dSFuAYN-WoJHxQXqPw5WC3DjfGdfO9P6EKRkq-eyLGxkV4464K3lPX8aq1E0N3GmIHk_fd8htiKvh5wcOhuC60LwS2nUalze7faGYavOHfM0SIcPzYMKzlXgvbGofUcqHu8iOzH9iW77Z4KV45Sd529VVJ4rA4IFoichLMPaP3sRzXrRQ2dupZH3Ftwtku985rJVdug5-8TyEf2szwckUxuo.H6kuf4dCMVf7cC7vCucMRl6SawL_DOHPWIgjqf3eSrc&amp;dib_tag=se&amp;keywords=Luft+im+Schwan&amp;qid=1764087435&amp;s=books&amp;sprefix=luft+im+schwan%2Cstripbooks%2C224&amp;sr=1-1\" data-type=\"link\" data-id=\"https:\/\/www.amazon.de\/Luft-im-Schwan-andere-Gedanken\/dp\/B0G2R8ZXGF\/ref=sr_1_1?__mk_de_DE=%C3%85M%C3%85%C5%BD%C3%95%C3%91&amp;crid=383VV2IEFB7AF&amp;dib=eyJ2IjoiMSJ9.IxL8ocktWFS7K5-FiB-dSFuAYN-WoJHxQXqPw5WC3DjfGdfO9P6EKRkq-eyLGxkV4464K3lPX8aq1E0N3GmIHk_fd8htiKvh5wcOhuC60LwS2nUalze7faGYavOHfM0SIcPzYMKzlXgvbGofUcqHu8iOzH9iW77Z4KV45Sd529VVJ4rA4IFoichLMPaP3sRzXrRQ2dupZH3Ftwtku985rJVdug5-8TyEf2szwckUxuo.H6kuf4dCMVf7cC7vCucMRl6SawL_DOHPWIgjqf3eSrc&amp;dib_tag=se&amp;keywords=Luft+im+Schwan&amp;qid=1764087435&amp;s=books&amp;sprefix=luft+im+schwan%2Cstripbooks%2C224&amp;sr=1-1\" target=\"_blank\" rel=\"noreferrer noopener\">der Schwan<\/a><\/p>\n\n\n\n<p><\/p>\n\n\n\n<p><\/p>\n","protected":false},"excerpt":{"rendered":"<p>Nina Nau geht ihrer Arbeit nach, hat das Leben gut im Griff, wenn es nicht aus dem Regal rutscht. Und sie ist verliebt. In B\u00fccher. Sie kauft, sammelt, ordnet sie ein, staubt sie ab, liest etliche und versteht sie auch meistens. Beim letzten Kauf vor der Buchhandlung trifft sie die Erkenntnis. Sie muss selbst ein&#8230; <\/p>\n<div class=\"read-more navbutton\"><a href=\"https:\/\/ingos-buchseite.de\/?page_id=481\">Read More<i class=\"fa fa-angle-double-right\"><\/i><\/a><\/div>\n","protected":false},"author":3,"featured_media":0,"parent":28,"menu_order":0,"comment_status":"closed","ping_status":"closed","template":"","meta":{"footnotes":""},"class_list":["post-481","page","type-page","status-publish","hentry"],"_links":{"self":[{"href":"https:\/\/ingos-buchseite.de\/index.php?rest_route=\/wp\/v2\/pages\/481","targetHints":{"allow":["GET"]}}],"collection":[{"href":"https:\/\/ingos-buchseite.de\/index.php?rest_route=\/wp\/v2\/pages"}],"about":[{"href":"https:\/\/ingos-buchseite.de\/index.php?rest_route=\/wp\/v2\/types\/page"}],"author":[{"embeddable":true,"href":"https:\/\/ingos-buchseite.de\/index.php?rest_route=\/wp\/v2\/users\/3"}],"replies":[{"embeddable":true,"href":"https:\/\/ingos-buchseite.de\/index.php?rest_route=%2Fwp%2Fv2%2Fcomments&post=481"}],"version-history":[{"count":33,"href":"https:\/\/ingos-buchseite.de\/index.php?rest_route=\/wp\/v2\/pages\/481\/revisions"}],"predecessor-version":[{"id":1088,"href":"https:\/\/ingos-buchseite.de\/index.php?rest_route=\/wp\/v2\/pages\/481\/revisions\/1088"}],"up":[{"embeddable":true,"href":"https:\/\/ingos-buchseite.de\/index.php?rest_route=\/wp\/v2\/pages\/28"}],"wp:attachment":[{"href":"https:\/\/ingos-buchseite.de\/index.php?rest_route=%2Fwp%2Fv2%2Fmedia&parent=481"}],"curies":[{"name":"wp","href":"https:\/\/api.w.org\/{rel}","templated":true}]}}