{"id":34,"date":"2018-08-19T14:04:05","date_gmt":"2018-08-19T14:04:05","guid":{"rendered":"https:\/\/ingos-buchseite.de\/?page_id=34"},"modified":"2025-09-09T16:57:34","modified_gmt":"2025-09-09T16:57:34","slug":"alberikus-saga","status":"publish","type":"page","link":"https:\/\/ingos-buchseite.de\/?page_id=34","title":{"rendered":"Alberikus Saga"},"content":{"rendered":"<div class=\"wp-block-image\">\n<figure class=\"alignleft\"><img loading=\"lazy\" decoding=\"async\" width=\"188\" height=\"300\" src=\"https:\/\/ingos-buchseite.de\/wordpress\/wp-content\/uploads\/2023\/04\/Alberikus-Alb-vom-dunklen-Rhein-Band-1-188x300.jpg\" alt=\"\" class=\"wp-image-866\" srcset=\"https:\/\/ingos-buchseite.de\/wordpress\/wp-content\/uploads\/2023\/04\/Alberikus-Alb-vom-dunklen-Rhein-Band-1-188x300.jpg 188w, https:\/\/ingos-buchseite.de\/wordpress\/wp-content\/uploads\/2023\/04\/Alberikus-Alb-vom-dunklen-Rhein-Band-1.jpg 313w\" sizes=\"auto, (max-width: 188px) 100vw, 188px\" \/><\/figure>\n<\/div>\n\n\n<p class=\"has-medium-font-size\"><span style=\"color: #ff9900;\"> Was w\u00e4re, wenn er \u00fcberlebt hat?<br>\n<\/span><span style=\"color: #ff9900;\">Wenn sich die alte Sage irrt?<br>\nDenn sein dunkler Name ist l\u00e4ngst schon vergessen und unter alten, staubigen M\u00e4rchen begraben worden.<br>\nDie Tore, die einst sein Albenreich mit unserer Welt, mit den leicht beeinflussbaren Menschen, verbanden sind f\u00fcr ihn verschlossen. Bis auf Eines. Das letzte Tor wurde in seine Teile zerlegt und diese sind im letzten Krieg verschwunden. Als endlich wieder ein &#8222;Finder&#8220; auftaucht, einer dieser Menschen bei denen nichts Verschwundenes lange unentdeckt bleibt, dr\u00e4ngt Alberikus auf R\u00fcckkehr, denn er will seine einstige Macht zur\u00fcck. Der junge Antiquar Curt Ritter hat keine Ahnung auf was er sich bei dem Auftrag, seiner ebenso sch\u00f6nen wie widerspr\u00fcchlichen Kundin, einl\u00e4sst. Ist es doch zun\u00e4chst ein Auftrag wie viele, wenn auch das zu findende Objekt etwas Seltsames an sich zu haben scheint. Die Suche wird f\u00fcr ihn zur Entscheidung seines Lebens und die alte Sage beginnt ganz neu&#8230;<\/span><\/p>\n\n\n\n<p class=\"has-medium-font-size\"><span style=\"color: #ff9900;\">Hier kann man mehr lesen &#8212;&gt;<\/span>&nbsp;<a href=\"https:\/\/www.amazon.de\/Alberikus-dunkler-Pfad-Band-1\/dp\/1523799285\/ref=sr_1_3?s=books&amp;ie=UTF8&amp;qid=1537522589&amp;sr=1-3&amp;keywords=dunkler+Pfad\" target=\"_blank\" rel=\"noopener\">Alberikus<\/a><\/p>\n\n\n<div class=\"wp-block-image\">\n<figure class=\"alignleft\"><img loading=\"lazy\" decoding=\"async\" width=\"188\" height=\"300\" src=\"https:\/\/ingos-buchseite.de\/wordpress\/wp-content\/uploads\/2023\/04\/Kester-Alberikus-Serie-Band-2-188x300.jpg\" alt=\"\" class=\"wp-image-868\" srcset=\"https:\/\/ingos-buchseite.de\/wordpress\/wp-content\/uploads\/2023\/04\/Kester-Alberikus-Serie-Band-2-188x300.jpg 188w, https:\/\/ingos-buchseite.de\/wordpress\/wp-content\/uploads\/2023\/04\/Kester-Alberikus-Serie-Band-2.jpg 313w\" sizes=\"auto, (max-width: 188px) 100vw, 188px\" \/><\/figure>\n<\/div>\n\n\n<p class=\"has-medium-font-size\"><span style=\"color: #99cc00;\"> Lange dauert sein verborgener Weg schon an.<br>\nViele Generationen hat er kommen und im Dunkel der Zeit dahinschwinden sehen.<br>\nEr ist schon lange der Letzte seiner Art und er lebt noch immer. Verborgen im Schatten musste er leben. Stets der Neugier und dem Machthunger der Menschen ausweichen. Immer war er auf der Suche nach Frieden. Immer w\u00e4hrte die Feindschaft mit dem machthungrigen Alberikus.<br>\nAls Kester den Finder entdeckt, wei\u00df er, dass sich jetzt alles \u00e4ndern wird. Curt Ritter will nur einen alten Freund treffen, doch der alte Mann wird direkt vor seinen Augen \u00fcberfallen, da tritt pl\u00f6tzlich ein seltsamer Fremder auf den Plan. Der Kampf um den Schatz beginnt, denn nur wenn Kester den Schatz opfert kann er das Leben seiner neuen Freunde retten&#8230;<\/span><\/p>\n\n\n\n<p class=\"has-medium-font-size\"><span style=\"color: #99cc00;\">Hier kann man mehr lesen &#8212;&gt;<\/span>&nbsp;<a href=\"https:\/\/www.amazon.de\/Kester-dunkler-Pfad-Band-2\/dp\/1530567122\/ref=pd_sim_5?_encoding=UTF8&amp;pd_rd_i=1530567122&amp;pd_rd_r=dc9f2c67-bd81-11e8-af56-632d56b21a50&amp;pd_rd_w=5ZLM6&amp;pd_rd_wg=DNmWh&amp;pf_rd_i=desktop-dp-sims&amp;pf_rd_m=A3JWKAKR8XB7XF&amp;pf_rd_p=a1f1e800-ed31-44e7-8f29-5b327ba0187a&amp;pf_rd_r=PNTC64M4XK2XAH1043QT&amp;pf_rd_s=desktop-dp-sims&amp;pf_rd_t=40701&amp;psc=1&amp;refRID=PNTC64M4XK2XAH1043QT\" target=\"_blank\" rel=\"noopener\">Kester<\/a><\/p>\n\n\n<div class=\"wp-block-image\">\n<figure class=\"alignleft\"><img loading=\"lazy\" decoding=\"async\" width=\"188\" height=\"300\" src=\"https:\/\/ingos-buchseite.de\/wordpress\/wp-content\/uploads\/2023\/04\/Percussa-Alberikus-Serie-Band-3-188x300.jpg\" alt=\"\" class=\"wp-image-869\" srcset=\"https:\/\/ingos-buchseite.de\/wordpress\/wp-content\/uploads\/2023\/04\/Percussa-Alberikus-Serie-Band-3-188x300.jpg 188w, https:\/\/ingos-buchseite.de\/wordpress\/wp-content\/uploads\/2023\/04\/Percussa-Alberikus-Serie-Band-3.jpg 313w\" sizes=\"auto, (max-width: 188px) 100vw, 188px\" \/><\/figure>\n<\/div>\n\n\n<p class=\"has-medium-font-size\"><span style=\"color: #00ccff;\"> Ihr Vater soll Selbstmord begangen haben und die Firma am Rande des Bankrotts stehen.<br>\nDoch damit findet sich Percussa nicht ab und forscht nach. Denn wer ist dieser finstere Dr. Rieker vor dem alle Angst haben wirklich?<br>\nBald schon muss sie sich eingestehen, dass sie die Hilfe von Curt Ritter braucht, denn der Finder ist der Schl\u00fcssel zu Riekers dunklem Geheimnis.<\/span><\/p>\n\n\n\n<p class=\"has-medium-font-size\"><span style=\"color: #00ccff;\">Hier kann man mehr lesen &#8212;&gt;<\/span>&nbsp;<a href=\"https:\/\/www.amazon.de\/Percussa-dunkler-Pfad-Band-3\/dp\/1542383056\/ref=pd_sim_1?_encoding=UTF8&amp;pd_rd_i=1542383056&amp;pd_rd_r=0fe58bb1-bd82-11e8-97b5-1b796ae16239&amp;pd_rd_w=CrLPT&amp;pd_rd_wg=ldULe&amp;pf_rd_i=desktop-dp-sims&amp;pf_rd_m=A3JWKAKR8XB7XF&amp;pf_rd_p=a1f1e800-ed31-44e7-8f29-5b327ba0187a&amp;pf_rd_r=W1Z52AVZCEM4DR082K5R&amp;pf_rd_s=desktop-dp-sims&amp;pf_rd_t=40701&amp;psc=1&amp;refRID=W1Z52AVZCEM4DR082K5R\" target=\"_blank\" rel=\"noopener\">Percussa<\/a><\/p>\n","protected":false},"excerpt":{"rendered":"<p>Was w\u00e4re, wenn er \u00fcberlebt hat? Wenn sich die alte Sage irrt? Denn sein dunkler Name ist l\u00e4ngst schon vergessen und unter alten, staubigen M\u00e4rchen begraben worden. Die Tore, die einst sein Albenreich mit unserer Welt, mit den leicht beeinflussbaren Menschen, verbanden sind f\u00fcr ihn verschlossen. Bis auf Eines. Das letzte Tor wurde in seine&#8230; <\/p>\n<div class=\"read-more navbutton\"><a href=\"https:\/\/ingos-buchseite.de\/?page_id=34\">Read More<i class=\"fa fa-angle-double-right\"><\/i><\/a><\/div>\n","protected":false},"author":1,"featured_media":0,"parent":28,"menu_order":0,"comment_status":"closed","ping_status":"closed","template":"","meta":{"footnotes":""},"class_list":["post-34","page","type-page","status-publish","hentry"],"_links":{"self":[{"href":"https:\/\/ingos-buchseite.de\/index.php?rest_route=\/wp\/v2\/pages\/34","targetHints":{"allow":["GET"]}}],"collection":[{"href":"https:\/\/ingos-buchseite.de\/index.php?rest_route=\/wp\/v2\/pages"}],"about":[{"href":"https:\/\/ingos-buchseite.de\/index.php?rest_route=\/wp\/v2\/types\/page"}],"author":[{"embeddable":true,"href":"https:\/\/ingos-buchseite.de\/index.php?rest_route=\/wp\/v2\/users\/1"}],"replies":[{"embeddable":true,"href":"https:\/\/ingos-buchseite.de\/index.php?rest_route=%2Fwp%2Fv2%2Fcomments&post=34"}],"version-history":[{"count":9,"href":"https:\/\/ingos-buchseite.de\/index.php?rest_route=\/wp\/v2\/pages\/34\/revisions"}],"predecessor-version":[{"id":1029,"href":"https:\/\/ingos-buchseite.de\/index.php?rest_route=\/wp\/v2\/pages\/34\/revisions\/1029"}],"up":[{"embeddable":true,"href":"https:\/\/ingos-buchseite.de\/index.php?rest_route=\/wp\/v2\/pages\/28"}],"wp:attachment":[{"href":"https:\/\/ingos-buchseite.de\/index.php?rest_route=%2Fwp%2Fv2%2Fmedia&parent=34"}],"curies":[{"name":"wp","href":"https:\/\/api.w.org\/{rel}","templated":true}]}}

<div class="wp-block-image">
<figure class="alignleft"><img loading="lazy" decoding="async" width="188" height="300" src="https://ingos-buchseite.de/wordpress/wp-content/uploads/2023/04/Alberikus-Alb-vom-dunklen-Rhein-Band-1-188x300.jpg" alt="" class="wp-image-866" srcset="https://ingos-buchseite.de/wordpress/wp-content/uploads/2023/04/Alberikus-Alb-vom-dunklen-Rhein-Band-1-188x300.jpg 188w, https://ingos-buchseite.de/wordpress/wp-content/uploads/2023/04/Alberikus-Alb-vom-dunklen-Rhein-Band-1.jpg 313w" sizes="auto, (max-width: 188px) 100vw, 188px" /></figure>
</div>


<p class="has-medium-font-size"><span style="color: #ff9900;"> Was wäre, wenn er überlebt hat?<br>
</span><span style="color: #ff9900;">Wenn sich die alte Sage irrt?<br>
Denn sein dunkler Name ist längst schon vergessen und unter alten, staubigen Märchen begraben worden.<br>
Die Tore, die einst sein Albenreich mit unserer Welt, mit den leicht beeinflussbaren Menschen, verbanden sind für ihn verschlossen. Bis auf Eines. Das letzte Tor wurde in seine Teile zerlegt und diese sind im letzten Krieg verschwunden. Als endlich wieder ein &#8222;Finder&#8220; auftaucht, einer dieser Menschen bei denen nichts Verschwundenes lange unentdeckt bleibt, drängt Alberikus auf Rückkehr, denn er will seine einstige Macht zurück. Der junge Antiquar Curt Ritter hat keine Ahnung auf was er sich bei dem Auftrag, seiner ebenso schönen wie widersprüchlichen Kundin, einlässt. Ist es doch zunächst ein Auftrag wie viele, wenn auch das zu findende Objekt etwas Seltsames an sich zu haben scheint. Die Suche wird für ihn zur Entscheidung seines Lebens und die alte Sage beginnt ganz neu&#8230;</span></p>



<p class="has-medium-font-size"><span style="color: #ff9900;">Hier kann man mehr lesen &#8212;&gt;</span>&nbsp;<a href="https://www.amazon.de/Alberikus-dunkler-Pfad-Band-1/dp/1523799285/ref=sr_1_3?s=books&amp;ie=UTF8&amp;qid=1537522589&amp;sr=1-3&amp;keywords=dunkler+Pfad" target="_blank" rel="noopener">Alberikus</a></p>


<div class="wp-block-image">
<figure class="alignleft"><img loading="lazy" decoding="async" width="188" height="300" src="https://ingos-buchseite.de/wordpress/wp-content/uploads/2023/04/Kester-Alberikus-Serie-Band-2-188x300.jpg" alt="" class="wp-image-868" srcset="https://ingos-buchseite.de/wordpress/wp-content/uploads/2023/04/Kester-Alberikus-Serie-Band-2-188x300.jpg 188w, https://ingos-buchseite.de/wordpress/wp-content/uploads/2023/04/Kester-Alberikus-Serie-Band-2.jpg 313w" sizes="auto, (max-width: 188px) 100vw, 188px" /></figure>
</div>


<p class="has-medium-font-size"><span style="color: #99cc00;"> Lange dauert sein verborgener Weg schon an.<br>
Viele Generationen hat er kommen und im Dunkel der Zeit dahinschwinden sehen.<br>
Er ist schon lange der Letzte seiner Art und er lebt noch immer. Verborgen im Schatten musste er leben. Stets der Neugier und dem Machthunger der Menschen ausweichen. Immer war er auf der Suche nach Frieden. Immer währte die Feindschaft mit dem machthungrigen Alberikus.<br>
Als Kester den Finder entdeckt, weiß er, dass sich jetzt alles ändern wird. Curt Ritter will nur einen alten Freund treffen, doch der alte Mann wird direkt vor seinen Augen überfallen, da tritt plötzlich ein seltsamer Fremder auf den Plan. Der Kampf um den Schatz beginnt, denn nur wenn Kester den Schatz opfert kann er das Leben seiner neuen Freunde retten&#8230;</span></p>



<p class="has-medium-font-size"><span style="color: #99cc00;">Hier kann man mehr lesen &#8212;&gt;</span>&nbsp;<a href="https://www.amazon.de/Kester-dunkler-Pfad-Band-2/dp/1530567122/ref=pd_sim_5?_encoding=UTF8&amp;pd_rd_i=1530567122&amp;pd_rd_r=dc9f2c67-bd81-11e8-af56-632d56b21a50&amp;pd_rd_w=5ZLM6&amp;pd_rd_wg=DNmWh&amp;pf_rd_i=desktop-dp-sims&amp;pf_rd_m=A3JWKAKR8XB7XF&amp;pf_rd_p=a1f1e800-ed31-44e7-8f29-5b327ba0187a&amp;pf_rd_r=PNTC64M4XK2XAH1043QT&amp;pf_rd_s=desktop-dp-sims&amp;pf_rd_t=40701&amp;psc=1&amp;refRID=PNTC64M4XK2XAH1043QT" target="_blank" rel="noopener">Kester</a></p>


<div class="wp-block-image">
<figure class="alignleft"><img loading="lazy" decoding="async" width="188" height="300" src="https://ingos-buchseite.de/wordpress/wp-content/uploads/2023/04/Percussa-Alberikus-Serie-Band-3-188x300.jpg" alt="" class="wp-image-869" srcset="https://ingos-buchseite.de/wordpress/wp-content/uploads/2023/04/Percussa-Alberikus-Serie-Band-3-188x300.jpg 188w, https://ingos-buchseite.de/wordpress/wp-content/uploads/2023/04/Percussa-Alberikus-Serie-Band-3.jpg 313w" sizes="auto, (max-width: 188px) 100vw, 188px" /></figure>
</div>


<p class="has-medium-font-size"><span style="color: #00ccff;"> Ihr Vater soll Selbstmord begangen haben und die Firma am Rande des Bankrotts stehen.<br>
Doch damit findet sich Percussa nicht ab und forscht nach. Denn wer ist dieser finstere Dr. Rieker vor dem alle Angst haben wirklich?<br>
Bald schon muss sie sich eingestehen, dass sie die Hilfe von Curt Ritter braucht, denn der Finder ist der Schlüssel zu Riekers dunklem Geheimnis.</span></p>



<p class="has-medium-font-size"><span style="color: #00ccff;">Hier kann man mehr lesen &#8212;&gt;</span>&nbsp;<a href="https://www.amazon.de/Percussa-dunkler-Pfad-Band-3/dp/1542383056/ref=pd_sim_1?_encoding=UTF8&amp;pd_rd_i=1542383056&amp;pd_rd_r=0fe58bb1-bd82-11e8-97b5-1b796ae16239&amp;pd_rd_w=CrLPT&amp;pd_rd_wg=ldULe&amp;pf_rd_i=desktop-dp-sims&amp;pf_rd_m=A3JWKAKR8XB7XF&amp;pf_rd_p=a1f1e800-ed31-44e7-8f29-5b327ba0187a&amp;pf_rd_r=W1Z52AVZCEM4DR082K5R&amp;pf_rd_s=desktop-dp-sims&amp;pf_rd_t=40701&amp;psc=1&amp;refRID=W1Z52AVZCEM4DR082K5R" target="_blank" rel="noopener">Percussa</a></p>

<p>Was wäre, wenn er überlebt hat? Wenn sich die alte Sage irrt? Denn sein dunkler Name ist längst schon vergessen und unter alten, staubigen Märchen begraben worden. Die Tore, die einst sein Albenreich mit unserer Welt, mit den leicht beeinflussbaren Menschen, verbanden sind für ihn verschlossen. Bis auf Eines. Das letzte Tor wurde in seine&#8230; </p>
<div class="read-more navbutton"><a href="https://ingos-buchseite.de/?page_id=34">Read More<i class="fa fa-angle-double-right"></i></a></div>
