{"id":32,"date":"2018-08-19T14:03:31","date_gmt":"2018-08-19T14:03:31","guid":{"rendered":"https:\/\/ingos-buchseite.de\/?page_id=32"},"modified":"2025-09-13T14:39:56","modified_gmt":"2025-09-13T14:39:56","slug":"bartitsu","status":"publish","type":"page","link":"https:\/\/ingos-buchseite.de\/?page_id=32","title":{"rendered":"Bartitsu"},"content":{"rendered":"<div class=\"wp-block-image\">\n<figure class=\"aligncenter\"><img loading=\"lazy\" decoding=\"async\" width=\"200\" height=\"300\" src=\"https:\/\/ingos-buchseite.de\/wordpress\/wp-content\/uploads\/2023\/04\/Time-of-Bartitsu-200x300.jpg\" alt=\"\" class=\"wp-image-778\" srcset=\"https:\/\/ingos-buchseite.de\/wordpress\/wp-content\/uploads\/2023\/04\/Time-of-Bartitsu-200x300.jpg 200w, https:\/\/ingos-buchseite.de\/wordpress\/wp-content\/uploads\/2023\/04\/Time-of-Bartitsu.jpg 333w\" sizes=\"auto, (max-width: 200px) 100vw, 200px\" \/><\/figure>\n<\/div>\n\n\n<p class=\"has-medium-font-size\"><span style=\"color: #ffcc99;\">  Was war oder ist eigentlich Bartitsu? Wo kam es her? War es wirklich nur ein Kunstwort, das Arthur Conan Doyle seinem Helden Sherlock Holmes in den Mund legte? Als 1899 eine Artikelserie von einem Mann namens <strong><em>Barton-Wright<\/em><\/strong> in den Pearsons Magazines erscheint, k\u00fcndet er an eine neue und effiziente Selbstverteidigung geschaffen zu haben. Er nannte sie ; Bartitsu. . Das vorliegende Buch besch\u00e4ftigt sich mit der Zeit in die diese erste, gemischte Selbstverteidigung hineingeboren wurde. Eine Zeit des Aufbruchs, der Dampfmaschinen, der Gaslaternen und der Schattenseiten&#8230; Welche Stimmung herrschte vor bei den Lesern der Magazine? Wie sah es auf den Stra\u00dfen aus? W\u00e4hrend der, nun gr\u00f6\u00dfere, Bild- und Technikteil dieser \u00fcberarbeiteten, zweiten Auflage, einen Einblick in die einzelnen Kampfkunst-Bausteine von Bartitsu gew\u00e4hrt.<\/span><\/p>\n\n\n\n<p class=\"has-medium-font-size\"><span style=\"color: #ffcc99;\">Hier kann man mehr lesen &#8211;&gt;<\/span>&nbsp;<a href=\"https:\/\/www.amazon.de\/Time-Bartitsu-Selbstverteidigung-Ladies-Gentlemen\/dp\/1725707802\/ref=sr_1_1?s=books&amp;ie=UTF8&amp;qid=1537521555&amp;sr=1-1&amp;keywords=Time+of+Bartitsu\" target=\"_blank\" rel=\"noopener\">Time of Bartitsu<\/a><\/p>\n\n\n\n<p><\/p>\n\n\n<div class=\"wp-block-image\">\n<figure class=\"aligncenter\"><img loading=\"lazy\" decoding=\"async\" width=\"200\" height=\"300\" src=\"https:\/\/ingos-buchseite.de\/wordpress\/wp-content\/uploads\/2023\/04\/Bartitsu-Techniken-1-200x300.jpg\" alt=\"\" class=\"wp-image-780\" srcset=\"https:\/\/ingos-buchseite.de\/wordpress\/wp-content\/uploads\/2023\/04\/Bartitsu-Techniken-1-200x300.jpg 200w, https:\/\/ingos-buchseite.de\/wordpress\/wp-content\/uploads\/2023\/04\/Bartitsu-Techniken-1.jpg 333w\" sizes=\"auto, (max-width: 200px) 100vw, 200px\" \/><\/figure>\n<\/div>\n\n\n<p class=\"has-medium-font-size\"><span style=\"color: #ffcc99;\">Hier ist nun die Fortsetzung von Time of Bartitsu, mit vielen neuen Bildern und Techniken rund um Barton-Wrights Selbstverteidigungsklassiker. Wieder mit neuen Details und Bewegungsdiagrammen bietet das Buch dem Neugierigen so Einiges an Tipps zu Ausprobieren.<\/span><\/p>\n\n\n\n<p class=\"has-medium-font-size\"><span style=\"color: #ffcc99;\">Hier kann man mehr lesen&#8212;&gt;<\/span>&nbsp;<a href=\"https:\/\/www.amazon.de\/Bartitsu-Techniken-Selbstverteidigung-Ladies-Gentlemen\/dp\/1514187310\/ref=pd_sim_5?_encoding=UTF8&amp;pd_rd_i=1514187310&amp;pd_rd_r=6d5b5bb3-bd7f-11e8-8642-538a27bc1ffa&amp;pd_rd_w=WDmGq&amp;pd_rd_wg=yAA91&amp;pf_rd_i=desktop-dp-sims&amp;pf_rd_m=A3JWKAKR8XB7XF&amp;pf_rd_p=a1f1e800-ed31-44e7-8f29-5b327ba0187a&amp;pf_rd_r=6Y8XCPM44E485DST661P&amp;pf_rd_s=desktop-dp-sims&amp;pf_rd_t=40701&amp;psc=1&amp;refRID=6Y8XCPM44E485DST661P\" target=\"_blank\" rel=\"noopener\">Bartitsu Techniken<\/a><\/p>\n\n\n\n<p><\/p>\n\n\n<div class=\"wp-block-image\">\n<figure class=\"aligncenter\"><img loading=\"lazy\" decoding=\"async\" width=\"200\" height=\"300\" src=\"https:\/\/ingos-buchseite.de\/wordpress\/wp-content\/uploads\/2023\/04\/Bartitsu-Techniken-2-Suffragetten-200x300.jpg\" alt=\"\" class=\"wp-image-782\" srcset=\"https:\/\/ingos-buchseite.de\/wordpress\/wp-content\/uploads\/2023\/04\/Bartitsu-Techniken-2-Suffragetten-200x300.jpg 200w, https:\/\/ingos-buchseite.de\/wordpress\/wp-content\/uploads\/2023\/04\/Bartitsu-Techniken-2-Suffragetten.jpg 333w\" sizes=\"auto, (max-width: 200px) 100vw, 200px\" \/><\/figure>\n<\/div>\n\n\n<p class=\"has-medium-font-size\"><span style=\"color: #ffcc99;\">Der dritte Band in der Bartitsureihe zeigt nicht nur mit vielen Fotos wiederum weitere Techniken, er erz\u00e4hlt auch die Geschichte des Zeit nach dem BartitsuClub nochmals ein bisschen weiter. Hier kommen die Frauen ein bisschen mehr zu Wort als in den B\u00e4nden zuvor&#8230;<\/span><\/p>\n\n\n\n<p class=\"has-medium-font-size\"><span style=\"color: #ffcc99;\">Hier kann man mehr lesen &#8212;&gt;<\/span>&nbsp;<a href=\"https:\/\/www.amazon.de\/Bartitsu-Techniken-Jiutsufragetten-Spazierstock-Serie\/dp\/1515067319\/ref=pd_bxgy_14_img_2?_encoding=UTF8&amp;pd_rd_i=1515067319&amp;pd_rd_r=98728b6d-bd7f-11e8-9daf-352a4519fba6&amp;pd_rd_w=4PT5s&amp;pd_rd_wg=uVqHV&amp;pf_rd_i=desktop-dp-sims&amp;pf_rd_m=A3JWKAKR8XB7XF&amp;pf_rd_p=132d04bd-65e5-406f-a3b5-065387ba385f&amp;pf_rd_r=8P59NCFHKSK24BMQTDAQ&amp;pf_rd_s=desktop-dp-sims&amp;pf_rd_t=40701&amp;psc=1&amp;refRID=8P59NCFHKSK24BMQTDAQ\" target=\"_blank\" rel=\"noopener\">Bartitsu Techniken 2<\/a><\/p>\n\n\n\n<p><\/p>\n\n\n\n<p class=\"has-medium-font-size\"><img loading=\"lazy\" decoding=\"async\" width=\"200\" height=\"300\" class=\"wp-image-783\" style=\"width: 200px;\" src=\"https:\/\/ingos-buchseite.de\/wordpress\/wp-content\/uploads\/2023\/04\/Bartitsu-Techniken-3-Uebungen.jpg\" alt=\"\" srcset=\"https:\/\/ingos-buchseite.de\/wordpress\/wp-content\/uploads\/2023\/04\/Bartitsu-Techniken-3-Uebungen.jpg 333w, https:\/\/ingos-buchseite.de\/wordpress\/wp-content\/uploads\/2023\/04\/Bartitsu-Techniken-3-Uebungen-200x300.jpg 200w\" sizes=\"auto, (max-width: 200px) 100vw, 200px\" \/><br><br><span style=\"color: #ffcc99;\">Der vorliegende Band ist Teil vier der Bartitsu Technik Serie und enth\u00e4lt, genau wie seine Vorg\u00e4nger wieder viele Fotos. Sein Schwerpunkt liegt weniger darin weitere Techniken auszugraben. Er will \u00dcbungen und Drills zeigen mit denen man sich grundlegende Techniken mit einfachen Mitteln antrainieren kann. Auch wenn man nur einen Trainingspartner oder Helfer hat.<\/span><\/p>\n\n\n\n<p class=\"has-medium-font-size\"><span style=\"color: #ffcc99;\">Hier kann man mehr lesen &#8212;&gt;<\/span>&nbsp;<a href=\"https:\/\/www.amazon.de\/Bartitsu-Techniken-Drills-Uebungen-Serie\/dp\/1546658637\/ref=pd_bxgy_14_img_3?_encoding=UTF8&amp;pd_rd_i=1546658637&amp;pd_rd_r=f22027fe-bd7f-11e8-b51a-6db4242de1ff&amp;pd_rd_w=lz0dd&amp;pd_rd_wg=RFXVm&amp;pf_rd_i=desktop-dp-sims&amp;pf_rd_m=A3JWKAKR8XB7XF&amp;pf_rd_p=132d04bd-65e5-406f-a3b5-065387ba385f&amp;pf_rd_r=CFRPVHP361QT1MWSV7CA&amp;pf_rd_s=desktop-dp-sims&amp;pf_rd_t=40701&amp;psc=1&amp;refRID=CFRPVHP361QT1MWSV7CA\" target=\"_blank\" rel=\"noopener\">Bartitsu Techniken 3<\/a><\/p>\n\n\n\n<p><\/p>\n\n\n\n<p class=\"has-medium-font-size\"><img loading=\"lazy\" decoding=\"async\" width=\"200\" height=\"300\" class=\"wp-image-784\" style=\"width: 200px;\" src=\"https:\/\/ingos-buchseite.de\/wordpress\/wp-content\/uploads\/2023\/04\/Bartitsu-Techniken-4-Bodenkampf.jpg\" alt=\"\" srcset=\"https:\/\/ingos-buchseite.de\/wordpress\/wp-content\/uploads\/2023\/04\/Bartitsu-Techniken-4-Bodenkampf.jpg 333w, https:\/\/ingos-buchseite.de\/wordpress\/wp-content\/uploads\/2023\/04\/Bartitsu-Techniken-4-Bodenkampf-200x300.jpg 200w\" sizes=\"auto, (max-width: 200px) 100vw, 200px\" \/><br><br><span style=\"color: #ffcc99;\">Im vierten Technikband geht es nun um den die Hebel und den Bodenkampf, der in Bartitsu nicht vernachl\u00e4ssigt wurde. Denn am Boden ist mit der Selbstverteidigung noch lange nicht Schluss. Das vorliegende Buch zeigt einen Einstieg, wie man Hebel und Verteidigung am Boden mit einem Partner \u00fcben kann. Wieder mit vielen, meist gro\u00dfformatigen, Abbildungen und leicht verst\u00e4ndlichen Texten.<\/span><\/p>\n\n\n\n<p class=\"has-medium-font-size\"><span style=\"color: #ffcc99;\">Hier kann man mehr lesen &#8212;&gt;<\/span>&nbsp;<a href=\"https:\/\/www.amazon.de\/Bartitsu-Techniken-Drills-Hebel-Bodenkampf\/dp\/1983780197\/ref=pd_sim_1?_encoding=UTF8&amp;pd_rd_i=1983780197&amp;pd_rd_r=347498b3-bd80-11e8-abb7-293e8b9579b4&amp;pd_rd_w=e2zrP&amp;pd_rd_wg=s61EC&amp;pf_rd_i=desktop-dp-sims&amp;pf_rd_m=A3JWKAKR8XB7XF&amp;pf_rd_p=a1f1e800-ed31-44e7-8f29-5b327ba0187a&amp;pf_rd_r=52GB089FV899C0468WJ0&amp;pf_rd_s=desktop-dp-sims&amp;pf_rd_t=40701&amp;psc=1&amp;refRID=52GB089FV899C0468WJ0\" target=\"_blank\" rel=\"noopener\">Bartitsu Techniken 4<\/a><\/p>\n\n\n\n<p><\/p>\n\n\n\n<p class=\"has-medium-font-size\"><img loading=\"lazy\" decoding=\"async\" width=\"200\" height=\"300\" class=\"wp-image-998\" style=\"width: 200px;\" src=\"https:\/\/ingos-buchseite.de\/wordpress\/wp-content\/uploads\/2024\/12\/defensive-gymnastics-Berenger.jpg\" alt=\"\" srcset=\"https:\/\/ingos-buchseite.de\/wordpress\/wp-content\/uploads\/2024\/12\/defensive-gymnastics-Berenger.jpg 231w, https:\/\/ingos-buchseite.de\/wordpress\/wp-content\/uploads\/2024\/12\/defensive-gymnastics-Berenger-200x300.jpg 200w\" sizes=\"auto, (max-width: 200px) 100vw, 200px\" \/><br><br><span style=\"color: #99cc00;\">Wir befinden uns mit dem Buch im England des 19. Jahrhunderts, knapp 70 Jahre vor Bartitsu, als ein Mann namens <strong><em>Baron Charles Random de Berenger<\/em><\/strong> zeigt was er unter Selbstverteidigung versteht. Ein sehr illustrer Baron, der viel zu lange im Schatten weilte und vergessen war. Das Buch beleuchtet nicht nur ihn sondern auch ein paar dunklere Gassen und erz\u00e4hlt von Tricks, die Berenger noch kannte. Manches ist \u00fcberraschend modern, Anderes skurril. Eine andere Welt, die des aufbl\u00fchenden viktorianischen Empires zeigt hier eine zweite Seite gegen die man sich gymnastisch sch\u00fctzt. Es ist \u00fcberraschend was hinter dem Begriff steckt&#8230;<\/span><\/p>\n\n\n\n<p class=\"has-medium-font-size\"><span style=\"color: #99cc00;\">Hier kann man mehr lesen &#8212;&gt;<\/span>&nbsp;<a href=\"https:\/\/www.amazon.de\/Defensive-Gymnastik-Jahre-vor-Bartitsu\/dp\/1512371106\/ref=pd_sim_10?_encoding=UTF8&amp;pd_rd_i=1512371106&amp;pd_rd_r=6d4e4638-bd80-11e8-ae44-f5fdfe6b1c70&amp;pd_rd_w=YmYkT&amp;pd_rd_wg=MwGRr&amp;pf_rd_i=desktop-dp-sims&amp;pf_rd_m=A3JWKAKR8XB7XF&amp;pf_rd_p=a1f1e800-ed31-44e7-8f29-5b327ba0187a&amp;pf_rd_r=KPSVHD5RGBS2GCJQDAR5&amp;pf_rd_s=desktop-dp-sims&amp;pf_rd_t=40701&amp;psc=1&amp;refRID=KPSVHD5RGBS2GCJQDAR5\" target=\"_blank\" rel=\"noopener\">Defensive Gymnastik<\/a><\/p>\n","protected":false},"excerpt":{"rendered":"<p>Was war oder ist eigentlich Bartitsu? Wo kam es her? War es wirklich nur ein Kunstwort, das Arthur Conan Doyle seinem Helden Sherlock Holmes in den Mund legte? Als 1899 eine Artikelserie von einem Mann namens Barton-Wright in den Pearsons Magazines erscheint, k\u00fcndet er an eine neue und effiziente Selbstverteidigung geschaffen zu haben. Er nannte&#8230; <\/p>\n<div class=\"read-more navbutton\"><a href=\"https:\/\/ingos-buchseite.de\/?page_id=32\">Read More<i class=\"fa fa-angle-double-right\"><\/i><\/a><\/div>\n","protected":false},"author":1,"featured_media":0,"parent":26,"menu_order":0,"comment_status":"closed","ping_status":"closed","template":"","meta":{"footnotes":""},"class_list":["post-32","page","type-page","status-publish","hentry"],"_links":{"self":[{"href":"https:\/\/ingos-buchseite.de\/index.php?rest_route=\/wp\/v2\/pages\/32","targetHints":{"allow":["GET"]}}],"collection":[{"href":"https:\/\/ingos-buchseite.de\/index.php?rest_route=\/wp\/v2\/pages"}],"about":[{"href":"https:\/\/ingos-buchseite.de\/index.php?rest_route=\/wp\/v2\/types\/page"}],"author":[{"embeddable":true,"href":"https:\/\/ingos-buchseite.de\/index.php?rest_route=\/wp\/v2\/users\/1"}],"replies":[{"embeddable":true,"href":"https:\/\/ingos-buchseite.de\/index.php?rest_route=%2Fwp%2Fv2%2Fcomments&post=32"}],"version-history":[{"count":17,"href":"https:\/\/ingos-buchseite.de\/index.php?rest_route=\/wp\/v2\/pages\/32\/revisions"}],"predecessor-version":[{"id":1074,"href":"https:\/\/ingos-buchseite.de\/index.php?rest_route=\/wp\/v2\/pages\/32\/revisions\/1074"}],"up":[{"embeddable":true,"href":"https:\/\/ingos-buchseite.de\/index.php?rest_route=\/wp\/v2\/pages\/26"}],"wp:attachment":[{"href":"https:\/\/ingos-buchseite.de\/index.php?rest_route=%2Fwp%2Fv2%2Fmedia&parent=32"}],"curies":[{"name":"wp","href":"https:\/\/api.w.org\/{rel}","templated":true}]}}